{"id":2585,"date":"2020-07-21T20:44:48","date_gmt":"2020-07-21T20:44:48","guid":{"rendered":"https:\/\/peper.com.ar\/tienda\/?post_type=product&#038;p=2585"},"modified":"2023-01-18T17:45:19","modified_gmt":"2023-01-18T17:45:19","slug":"1072-24","status":"publish","type":"product","link":"https:\/\/peper.com.ar\/tienda\/producto\/1072-24\/","title":{"rendered":"Fuente de audio &#8211; Sistema Bibus"},"content":{"rendered":"","protected":false},"excerpt":{"rendered":"<ul>\n<li style=\"font-weight: 400;\"><span style=\"font-weight: 400;\">Alimentaci\u00f3n: 230 Vca \u00b1 10% 50 Hz<\/span><\/li>\n<li style=\"font-weight: 400;\"><span style=\"font-weight: 400;\">Potencia: 37 VA<\/span><\/li>\n<li style=\"font-weight: 400;\"><span style=\"font-weight: 400;\">L1, L2: 22 Vdc 120 mA<\/span><\/li>\n<li style=\"font-weight: 400;\"><span style=\"font-weight: 400;\">B1A, B1B: 22 Vdc 60 mA<\/span><\/li>\n<li style=\"font-weight: 400;\"><span style=\"font-weight: 400;\">B2A, B2B: 22 Vdc 60 mA<\/span><\/li>\n<li style=\"font-weight: 400;\"><span style=\"font-weight: 400;\">~0, ~12: 12 Vca 1,1 A<\/span><\/li>\n<li style=\"font-weight: 400;\"><span style=\"font-weight: 400;\">Contactos rel\u00e9: 24 Vdc 1,2 A &#8211; 24 Vca 1,2 A<\/span><\/li>\n<li style=\"font-weight: 400;\"><span style=\"font-weight: 400;\">Protecci\u00f3n: PTC (1)<\/span><\/li>\n<li style=\"font-weight: 400;\"><span style=\"font-weight: 400;\">Temperatura: -5\u00b0C 40\u00b0C<\/span><\/li>\n<li style=\"font-weight: 400;\"><span style=\"font-weight: 400;\">Dimensiones: 216 x 90 x 75 mm (12 M\u00f3dulos en BARRA DIN EN 43870)<\/span><\/li>\n<\/ul>\n<p><span style=\"font-weight: 400;\">Borne de alimentaci\u00f3n para la placa de pulsadores: m\u00e1ximo 12 fuentes 1 centralita. El bus del lado interfonos se denomina \u2018columna\u2019 y est\u00e1 dividido en 2 columnas de cables, que son equivalentes entre s\u00ed y se pueden utilizar por separado en caso de aver\u00eda, los 2 leds correspondientes a las columnas indican el seccionamiento. Alimenta la columna (2 columnas de 2 conductores): 50 interfonos m\u00e1x. 1 teclado secundario; con un led de puerta abierta instalado, se puede conectar un m\u00e1ximo de 30 interfonos 1 teclado secundario. En cualquier caso, no se puede utilizar un acoplador adicional para aumentar el n\u00famero de interfonos en columna si \u00e9sta dispone de microaltavoz. Repite los datos entre los dos buses. Proporciona la independencia de l\u00ednea entre el bus del lado de la placa de pulsadores principales y el bus del lado interfono para permitir la modulaci\u00f3n audio. Suministra la corriente necesaria para la emisi\u00f3n de la llamada interf\u00f3nica y la llamada al piso. Acopla la fon\u00eda de los dos buses. Alimentador para cerradura el\u00e9ctrica o iluminaci\u00f3n de la cara posterior de los tarjeteros. Dotado de mando para el alimentador v\u00eddeo VOP (1074\/20 fuente de video).<\/span><\/p>\n<p>&nbsp;<\/p>\n<p><strong><a href=\"https:\/\/peper.com.ar\/wp-content\/uploads\/Manual-Bibus-Fuente-audio-1072-24.pdf\" target=\"_blank\" rel=\"noopener noreferrer\">DESCARGAR MANUAL<\/a><\/strong><\/p>\n","protected":false},"featured_media":3133,"comment_status":"open","ping_status":"closed","template":"","meta":[],"product_cat":[162],"product_tag":[144],"yoast_head":"<!-- This site is optimized with the Yoast SEO plugin v21.1 - https:\/\/yoast.com\/wordpress\/plugins\/seo\/ -->\n<title>Fuente de audio - Sistema Bibus - Peper<\/title>\n<meta name=\"robots\" content=\"index, follow, max-snippet:-1, max-image-preview:large, max-video-preview:-1\" \/>\n<link rel=\"canonical\" href=\"https:\/\/peper.com.ar\/tienda\/producto\/1072-24\/\" \/>\n<meta property=\"og:locale\" content=\"es_ES\" \/>\n<meta property=\"og:type\" content=\"article\" \/>\n<meta property=\"og:title\" content=\"Fuente de audio - Sistema Bibus - Peper\" \/>\n<meta property=\"og:description\" content=\"Alimentaci\u00f3n: 230 Vca \u00b1 10% 50 Hz  Potencia: 37 VA  L1, L2: 22 Vdc 120 mA  B1A, B1B: 22 Vdc 60 mA  B2A, B2B: 22 Vdc 60 mA  ~0, ~12: 12 Vca 1,1 A  Contactos rel\u00e9: 24 Vdc 1,2 A - 24 Vca 1,2 A  Protecci\u00f3n: PTC (1)  Temperatura: -5\u00b0C 40\u00b0C  Dimensiones: 216 x 90 x 75 mm (12 M\u00f3dulos en BARRA DIN EN 43870)  Borne de alimentaci\u00f3n para la placa de pulsadores: m\u00e1ximo 12 fuentes 1 centralita. El bus del lado interfonos se denomina \u2018columna\u2019 y est\u00e1 dividido en 2 columnas de cables, que son equivalentes entre s\u00ed y se pueden utilizar por separado en caso de aver\u00eda, los 2 leds correspondientes a las columnas indican el seccionamiento. Alimenta la columna (2 columnas de 2 conductores): 50 interfonos m\u00e1x. 1 teclado secundario; con un led de puerta abierta instalado, se puede conectar un m\u00e1ximo de 30 interfonos 1 teclado secundario. En cualquier caso, no se puede utilizar un acoplador adicional para aumentar el n\u00famero de interfonos en columna si \u00e9sta dispone de microaltavoz. Repite los datos entre los dos buses. Proporciona la independencia de l\u00ednea entre el bus del lado de la placa de pulsadores principales y el bus del lado interfono para permitir la modulaci\u00f3n audio. Suministra la corriente necesaria para la emisi\u00f3n de la llamada interf\u00f3nica y la llamada al piso. Acopla la fon\u00eda de los dos buses. Alimentador para cerradura el\u00e9ctrica o iluminaci\u00f3n de la cara posterior de los tarjeteros. Dotado de mando para el alimentador v\u00eddeo VOP (1074\/20 fuente de video).  &nbsp;  DESCARGAR MANUAL\" \/>\n<meta property=\"og:url\" content=\"https:\/\/peper.com.ar\/tienda\/producto\/1072-24\/\" \/>\n<meta property=\"og:site_name\" content=\"Peper\" \/>\n<meta property=\"article:modified_time\" content=\"2023-01-18T17:45:19+00:00\" \/>\n<meta property=\"og:image\" content=\"https:\/\/peper.com.ar\/tienda\/wp-content\/uploads\/1074-24_peper-1.jpg\" \/>\n\t<meta property=\"og:image:width\" content=\"1080\" \/>\n\t<meta property=\"og:image:height\" content=\"1080\" \/>\n\t<meta property=\"og:image:type\" content=\"image\/jpeg\" \/>\n<meta name=\"twitter:card\" content=\"summary_large_image\" \/>\n<script type=\"application\/ld+json\" class=\"yoast-schema-graph\">{\"@context\":\"https:\/\/schema.org\",\"@graph\":[{\"@type\":\"WebPage\",\"@id\":\"https:\/\/peper.com.ar\/tienda\/producto\/1072-24\/\",\"url\":\"https:\/\/peper.com.ar\/tienda\/producto\/1072-24\/\",\"name\":\"Fuente de audio - Sistema Bibus - Peper\",\"isPartOf\":{\"@id\":\"https:\/\/peper.com.ar\/tienda\/#website\"},\"datePublished\":\"2020-07-21T20:44:48+00:00\",\"dateModified\":\"2023-01-18T17:45:19+00:00\",\"breadcrumb\":{\"@id\":\"https:\/\/peper.com.ar\/tienda\/producto\/1072-24\/#breadcrumb\"},\"inLanguage\":\"es\",\"potentialAction\":[{\"@type\":\"ReadAction\",\"target\":[\"https:\/\/peper.com.ar\/tienda\/producto\/1072-24\/\"]}]},{\"@type\":\"BreadcrumbList\",\"@id\":\"https:\/\/peper.com.ar\/tienda\/producto\/1072-24\/#breadcrumb\",\"itemListElement\":[{\"@type\":\"ListItem\",\"position\":1,\"name\":\"Portada\",\"item\":\"https:\/\/peper.com.ar\/tienda\/\"},{\"@type\":\"ListItem\",\"position\":2,\"name\":\"Productos\",\"item\":\"https:\/\/peper.com.ar\/tienda\/productos\/\"},{\"@type\":\"ListItem\",\"position\":3,\"name\":\"Fuente de audio &#8211; Sistema Bibus\"}]},{\"@type\":\"WebSite\",\"@id\":\"https:\/\/peper.com.ar\/tienda\/#website\",\"url\":\"https:\/\/peper.com.ar\/tienda\/\",\"name\":\"Peper\",\"description\":\"Tecnolog\u00eda que abre puertas\",\"potentialAction\":[{\"@type\":\"SearchAction\",\"target\":{\"@type\":\"EntryPoint\",\"urlTemplate\":\"https:\/\/peper.com.ar\/tienda\/?s={search_term_string}\"},\"query-input\":\"required name=search_term_string\"}],\"inLanguage\":\"es\"}]}<\/script>\n<!-- \/ Yoast SEO plugin. -->","yoast_head_json":{"title":"Fuente de audio - Sistema Bibus - Peper","robots":{"index":"index","follow":"follow","max-snippet":"max-snippet:-1","max-image-preview":"max-image-preview:large","max-video-preview":"max-video-preview:-1"},"canonical":"https:\/\/peper.com.ar\/tienda\/producto\/1072-24\/","og_locale":"es_ES","og_type":"article","og_title":"Fuente de audio - Sistema Bibus - Peper","og_description":"Alimentaci\u00f3n: 230 Vca \u00b1 10% 50 Hz  Potencia: 37 VA  L1, L2: 22 Vdc 120 mA  B1A, B1B: 22 Vdc 60 mA  B2A, B2B: 22 Vdc 60 mA  ~0, ~12: 12 Vca 1,1 A  Contactos rel\u00e9: 24 Vdc 1,2 A - 24 Vca 1,2 A  Protecci\u00f3n: PTC (1)  Temperatura: -5\u00b0C 40\u00b0C  Dimensiones: 216 x 90 x 75 mm (12 M\u00f3dulos en BARRA DIN EN 43870)  Borne de alimentaci\u00f3n para la placa de pulsadores: m\u00e1ximo 12 fuentes 1 centralita. El bus del lado interfonos se denomina \u2018columna\u2019 y est\u00e1 dividido en 2 columnas de cables, que son equivalentes entre s\u00ed y se pueden utilizar por separado en caso de aver\u00eda, los 2 leds correspondientes a las columnas indican el seccionamiento. Alimenta la columna (2 columnas de 2 conductores): 50 interfonos m\u00e1x. 1 teclado secundario; con un led de puerta abierta instalado, se puede conectar un m\u00e1ximo de 30 interfonos 1 teclado secundario. En cualquier caso, no se puede utilizar un acoplador adicional para aumentar el n\u00famero de interfonos en columna si \u00e9sta dispone de microaltavoz. Repite los datos entre los dos buses. Proporciona la independencia de l\u00ednea entre el bus del lado de la placa de pulsadores principales y el bus del lado interfono para permitir la modulaci\u00f3n audio. Suministra la corriente necesaria para la emisi\u00f3n de la llamada interf\u00f3nica y la llamada al piso. Acopla la fon\u00eda de los dos buses. Alimentador para cerradura el\u00e9ctrica o iluminaci\u00f3n de la cara posterior de los tarjeteros. Dotado de mando para el alimentador v\u00eddeo VOP (1074\/20 fuente de video).  &nbsp;  DESCARGAR MANUAL","og_url":"https:\/\/peper.com.ar\/tienda\/producto\/1072-24\/","og_site_name":"Peper","article_modified_time":"2023-01-18T17:45:19+00:00","og_image":[{"width":1080,"height":1080,"url":"https:\/\/peper.com.ar\/tienda\/wp-content\/uploads\/1074-24_peper-1.jpg","type":"image\/jpeg"}],"twitter_card":"summary_large_image","schema":{"@context":"https:\/\/schema.org","@graph":[{"@type":"WebPage","@id":"https:\/\/peper.com.ar\/tienda\/producto\/1072-24\/","url":"https:\/\/peper.com.ar\/tienda\/producto\/1072-24\/","name":"Fuente de audio - Sistema Bibus - Peper","isPartOf":{"@id":"https:\/\/peper.com.ar\/tienda\/#website"},"datePublished":"2020-07-21T20:44:48+00:00","dateModified":"2023-01-18T17:45:19+00:00","breadcrumb":{"@id":"https:\/\/peper.com.ar\/tienda\/producto\/1072-24\/#breadcrumb"},"inLanguage":"es","potentialAction":[{"@type":"ReadAction","target":["https:\/\/peper.com.ar\/tienda\/producto\/1072-24\/"]}]},{"@type":"BreadcrumbList","@id":"https:\/\/peper.com.ar\/tienda\/producto\/1072-24\/#breadcrumb","itemListElement":[{"@type":"ListItem","position":1,"name":"Portada","item":"https:\/\/peper.com.ar\/tienda\/"},{"@type":"ListItem","position":2,"name":"Productos","item":"https:\/\/peper.com.ar\/tienda\/productos\/"},{"@type":"ListItem","position":3,"name":"Fuente de audio &#8211; Sistema Bibus"}]},{"@type":"WebSite","@id":"https:\/\/peper.com.ar\/tienda\/#website","url":"https:\/\/peper.com.ar\/tienda\/","name":"Peper","description":"Tecnolog\u00eda que abre puertas","potentialAction":[{"@type":"SearchAction","target":{"@type":"EntryPoint","urlTemplate":"https:\/\/peper.com.ar\/tienda\/?s={search_term_string}"},"query-input":"required name=search_term_string"}],"inLanguage":"es"}]}},"_links":{"self":[{"href":"https:\/\/peper.com.ar\/tienda\/wp-json\/wp\/v2\/product\/2585"}],"collection":[{"href":"https:\/\/peper.com.ar\/tienda\/wp-json\/wp\/v2\/product"}],"about":[{"href":"https:\/\/peper.com.ar\/tienda\/wp-json\/wp\/v2\/types\/product"}],"replies":[{"embeddable":true,"href":"https:\/\/peper.com.ar\/tienda\/wp-json\/wp\/v2\/comments?post=2585"}],"wp:featuredmedia":[{"embeddable":true,"href":"https:\/\/peper.com.ar\/tienda\/wp-json\/wp\/v2\/media\/3133"}],"wp:attachment":[{"href":"https:\/\/peper.com.ar\/tienda\/wp-json\/wp\/v2\/media?parent=2585"}],"wp:term":[{"taxonomy":"product_cat","embeddable":true,"href":"https:\/\/peper.com.ar\/tienda\/wp-json\/wp\/v2\/product_cat?post=2585"},{"taxonomy":"product_tag","embeddable":true,"href":"https:\/\/peper.com.ar\/tienda\/wp-json\/wp\/v2\/product_tag?post=2585"}],"curies":[{"name":"wp","href":"https:\/\/api.w.org\/{rel}","templated":true}]}}